{"id":910,"date":"2024-01-12T15:24:46","date_gmt":"2024-01-12T14:24:46","guid":{"rendered":"https:\/\/www.murks-nein-danke.de\/mitfinanzieren\/?page_id=910"},"modified":"2024-01-12T15:24:47","modified_gmt":"2024-01-12T14:24:47","slug":"mitfinanzieren","status":"publish","type":"page","link":"https:\/\/www.murks-nein-danke.de\/mitfinanzieren\/","title":{"rendered":"Mitfinanzieren"},"content":{"rendered":"\n<p>Unsere Arbeit ben\u00f6tigt Ressourcen. Wir werden durch die ehrenamtliche und freiwillige Mitwirkung von vielen Menschen tatkr\u00e4ftig unterst\u00fctzt. So wird deren Zeit in zielf\u00fchrenden Projekten f\u00fcr mehr Dauerhaftigkeit, Klima- und Ressourcenschutz sinnvoll wirksam. Dieses Engagement verf\u00fcgt \u00fcber Ressourcen wie R\u00e4ume und Arbeitsmittel, die nur durch eine laufende Finanzierung sichergestellt werden k\u00f6nnen.<\/p>\n\n\n\n<p>Wir sind stolz und geehrt durch das finanzielle Engagement von Unternehmen, Stiftungen, Beh\u00f6rden, Organisation und Personen, die unser Engagement seit mehr als zehn Jahren mit finanziellen Zuwendungen und Beitr\u00e4gen st\u00e4rken.  Wir w\u00fcrden uns sehr freuen, Sie ebenso dazu z\u00e4hlen zu d\u00fcrfen.<\/p>\n\n\n\n<h2 class=\"wp-block-heading\">Sie wollen mitfinanzieren?<\/h2>\n\n\n\n<p>Das freut uns. Gerne bieten wir Ihnen auf dieser Seite ein paar M\u00f6glichkeiten dazu an. Sollten Sie \u00fcber andere Wege und M\u00f6glichkeiten (z.B. gemeinsame Vorhaben) nachdenken oder nicht das Ihre finden, z\u00f6gern Sie bitte nicht, direkt mit uns Kontakt aufzunehmen. Sie erhalten sofort die M\u00f6glichkeit, im direkten Gespr\u00e4ch mit dem Vorstand Ihre Fragen und Ideen vertrauensvoll zu besprechen. <\/p>\n\n\n\n<p>Wir freuen uns auf Ihre Kontaktaufnahme.<\/p>\n","protected":false},"excerpt":{"rendered":"<p>Unsere Arbeit ben\u00f6tigt Ressourcen. Wir werden durch die ehrenamtliche und freiwillige Mitwirkung von vielen Menschen tatkr\u00e4ftig unterst\u00fctzt. So wird deren Zeit in zielf\u00fchrenden Projekten f\u00fcr mehr Dauerhaftigkeit, Klima- und Ressourcenschutz&#8230;<\/p>\n","protected":false},"author":1,"featured_media":0,"parent":0,"menu_order":0,"comment_status":"closed","ping_status":"closed","template":"","meta":{"footnotes":""},"class_list":["post-910","page","type-page","status-publish","hentry","entry"],"_links":{"self":[{"href":"https:\/\/www.murks-nein-danke.de\/mitfinanzieren\/wp-json\/wp\/v2\/pages\/910","targetHints":{"allow":["GET"]}}],"collection":[{"href":"https:\/\/www.murks-nein-danke.de\/mitfinanzieren\/wp-json\/wp\/v2\/pages"}],"about":[{"href":"https:\/\/www.murks-nein-danke.de\/mitfinanzieren\/wp-json\/wp\/v2\/types\/page"}],"author":[{"embeddable":true,"href":"https:\/\/www.murks-nein-danke.de\/mitfinanzieren\/wp-json\/wp\/v2\/users\/1"}],"replies":[{"embeddable":true,"href":"https:\/\/www.murks-nein-danke.de\/mitfinanzieren\/wp-json\/wp\/v2\/comments?post=910"}],"version-history":[{"count":1,"href":"https:\/\/www.murks-nein-danke.de\/mitfinanzieren\/wp-json\/wp\/v2\/pages\/910\/revisions"}],"predecessor-version":[{"id":912,"href":"https:\/\/www.murks-nein-danke.de\/mitfinanzieren\/wp-json\/wp\/v2\/pages\/910\/revisions\/912"}],"wp:attachment":[{"href":"https:\/\/www.murks-nein-danke.de\/mitfinanzieren\/wp-json\/wp\/v2\/media?parent=910"}],"curies":[{"name":"wp","href":"https:\/\/api.w.org\/{rel}","templated":true}]}}