{"id":1106,"date":"2024-03-08T13:17:25","date_gmt":"2024-03-08T11:17:25","guid":{"rendered":"https:\/\/www.murks-nein-danke.de\/verein\/?page_id=1106"},"modified":"2024-03-16T13:04:08","modified_gmt":"2024-03-16T11:04:08","slug":"projekte","status":"publish","type":"page","link":"https:\/\/www.murks-nein-danke.de\/verein\/projekte\/","title":{"rendered":"Projekte"},"content":{"rendered":"\n<p>Uns liegt an Dauerhaftigkeit, Ressourcenschutz und Klimaschutz. Dies ist im direkten Interesse und dient dem Gemeinwohl. Wir sind eine anerkannt gemeinn\u00fctzige Organisation. Unsere gemeinn\u00fctzigen Zwecke setzen wir satzungsgem\u00e4\u00df in unseren Projekten und Initiativen engagiert mit der engagierten Hilfe von unseren Mitgliedern und Unterst\u00fctzer*innen offline und online um. <\/p>\n\n\n\n<p>Auf den Menu-Unterpunkten finden Sie die Links zu unseren Projekten und Initiativen, damit die Dinge besser werden. Wenn Ihnen gef\u00e4llt, was wir tun, bitten wir Sie herzlich um Ihre Unterst\u00fctzung. Bitte besuchen Sie unsere Bereiche &#8222;<a href=\"http:\/\/www.murks-nein-danke\/mitfinanzieren\">mitfinanzieren<\/a>&#8220; und &#8222;<a href=\"http:\/\/www.murks-nein-danke.de\/mitmachen\">mitmachen<\/a>&#8222;, um mehr dar\u00fcber zu erfahren, wie Sie mit dazu beitragen k\u00f6nnen, damit die Dinge besser werden. <\/p>\n\n\n\n<p>Wir stehen Ihnen herzlich gerne auch pers\u00f6nlich zur Seite. Wir freuen uns auf den <a href=\"https:\/\/www.murks-nein-danke.de\/verein\/kontakt\">Kontakt<\/a> mit Ihnen.<\/p>\n","protected":false},"excerpt":{"rendered":"<p>Uns liegt an Dauerhaftigkeit, Ressourcenschutz und Klimaschutz. Dies ist im direkten Interesse und dient dem Gemeinwohl. Wir sind eine anerkannt gemeinn\u00fctzige Organisation. Unsere gemeinn\u00fctzigen Zwecke setzen wir satzungsgem\u00e4\u00df in unseren&#8230;<\/p>\n","protected":false},"author":1,"featured_media":0,"parent":0,"menu_order":0,"comment_status":"closed","ping_status":"closed","template":"","meta":{"footnotes":""},"_links":{"self":[{"href":"https:\/\/www.murks-nein-danke.de\/verein\/wp-json\/wp\/v2\/pages\/1106"}],"collection":[{"href":"https:\/\/www.murks-nein-danke.de\/verein\/wp-json\/wp\/v2\/pages"}],"about":[{"href":"https:\/\/www.murks-nein-danke.de\/verein\/wp-json\/wp\/v2\/types\/page"}],"author":[{"embeddable":true,"href":"https:\/\/www.murks-nein-danke.de\/verein\/wp-json\/wp\/v2\/users\/1"}],"replies":[{"embeddable":true,"href":"https:\/\/www.murks-nein-danke.de\/verein\/wp-json\/wp\/v2\/comments?post=1106"}],"version-history":[{"count":3,"href":"https:\/\/www.murks-nein-danke.de\/verein\/wp-json\/wp\/v2\/pages\/1106\/revisions"}],"predecessor-version":[{"id":1120,"href":"https:\/\/www.murks-nein-danke.de\/verein\/wp-json\/wp\/v2\/pages\/1106\/revisions\/1120"}],"wp:attachment":[{"href":"https:\/\/www.murks-nein-danke.de\/verein\/wp-json\/wp\/v2\/media?parent=1106"}],"curies":[{"name":"wp","href":"https:\/\/api.w.org\/{rel}","templated":true}]}}